
{"id":144,"date":"2019-10-24T22:14:33","date_gmt":"2019-10-24T22:14:33","guid":{"rendered":"http:\/\/iesanjosemonitos.edu.co\/?page_id=144"},"modified":"2019-10-24T22:14:33","modified_gmt":"2019-10-24T22:14:33","slug":"quienes-somos","status":"publish","type":"page","link":"https:\/\/iesanjosemonitos.edu.co\/index.php\/quienes-somos\/","title":{"rendered":"\u00bfQuienes somos?"},"content":{"rendered":"\n<p class=\"has-medium-font-size\"><strong>MISI\u00d3N<\/strong><\/p>\n\n\n\n<p class=\"has-text-align-left\">La Instituci\u00f3n Educativa San Jos\u00e9 de Mo\u00f1itos pretende la formaci\u00f3n integral y el desarrollo de Ciudadanos competentes que accedan de manera pertinente a la sociedad del conocimiento con una capacidad cr\u00edtica y transformadora en funci\u00f3n del inter\u00e9s general de la comunidad.<\/p>\n\n\n\n<p class=\"has-medium-font-size\"><strong>VISI\u00d3N<\/strong><\/p>\n\n\n\n<p>La Instituci\u00f3n Educativa San Jos\u00e9 de Mo\u00f1itos se propone para el a\u00f1o 2022 alcanzar la excelencia educativa y liderar en el municipio los procesos de formaci\u00f3n acad\u00e9mica, personal y social. Atreves de la implementaci\u00f3n de un modelo pedag\u00f3gico dialogante, ambientes de aprendizajes y procesos investigativos que hagan usos de las tecnolog\u00edas de informaci\u00f3n y comunicaci\u00f3n, con la finalidad que nuestros estudiantes sean hombres y mujeres competentes; capaces de hacer uso racional de los recursos de su entorno y establecer proyectos de vida viables.&nbsp;<\/p>\n","protected":false},"excerpt":{"rendered":"<p>MISI\u00d3N La Instituci\u00f3n Educativa San Jos\u00e9 de Mo\u00f1itos pretende la formaci\u00f3n integral y el desarrollo de Ciudadanos competentes que accedan de manera pertinente a la sociedad del conocimiento con una capacidad cr\u00edtica y transformadora en funci\u00f3n del inter\u00e9s general de&hellip; <\/p>\n","protected":false},"author":1,"featured_media":0,"parent":0,"menu_order":0,"comment_status":"closed","ping_status":"closed","template":"","meta":{"footnotes":""},"jetpack_sharing_enabled":true,"_links":{"self":[{"href":"https:\/\/iesanjosemonitos.edu.co\/index.php\/wp-json\/wp\/v2\/pages\/144"}],"collection":[{"href":"https:\/\/iesanjosemonitos.edu.co\/index.php\/wp-json\/wp\/v2\/pages"}],"about":[{"href":"https:\/\/iesanjosemonitos.edu.co\/index.php\/wp-json\/wp\/v2\/types\/page"}],"author":[{"embeddable":true,"href":"https:\/\/iesanjosemonitos.edu.co\/index.php\/wp-json\/wp\/v2\/users\/1"}],"replies":[{"embeddable":true,"href":"https:\/\/iesanjosemonitos.edu.co\/index.php\/wp-json\/wp\/v2\/comments?post=144"}],"version-history":[{"count":0,"href":"https:\/\/iesanjosemonitos.edu.co\/index.php\/wp-json\/wp\/v2\/pages\/144\/revisions"}],"wp:attachment":[{"href":"https:\/\/iesanjosemonitos.edu.co\/index.php\/wp-json\/wp\/v2\/media?parent=144"}],"curies":[{"name":"wp","href":"https:\/\/api.w.org\/{rel}","templated":true}]}}