
{"id":11,"date":"2018-09-26T15:53:31","date_gmt":"2018-09-26T15:53:31","guid":{"rendered":"http:\/\/iesanjosemonitos.edu.co\/?page_id=2"},"modified":"2018-09-26T15:53:31","modified_gmt":"2018-09-26T15:53:31","slug":"normatividad","status":"publish","type":"page","link":"https:\/\/iesanjosemonitos.edu.co\/index.php\/normatividad\/","title":{"rendered":"Normatividad"},"content":{"rendered":"<p style=\"text-align: center;\">RESOLUCI\u00d3N<br \/>\nPor la cual se concede Licencia o Reconocimiento de Car\u00e1cter Oficial y el Cambio de Modalidad de Media T\u00e9cnica a Media Acad\u00e9mica a los grados 10\u00ba, y 11\u00ba., de naturaleza OFICIAL.<\/p>\n<p><a href=\"https:\/\/iesanjosemonitos.edu.co\/wp-content\/uploads\/2019\/11\/Licencia-o-reconocimiento-de-caracter-oficial.pdf\" target=\"_blank\" rel=\"noopener noreferrer\">Descargar PDF<\/a><\/p>\n<p style=\"text-align: center;\">RESOLUCI\u00d3N<br \/>\nPor la cual se amplia la prestaci\u00f3n del servicio educativo. con la apertura de la jornada sabatina y dominical de la educaci\u00f3n formal para adultos.<\/p>\n<p><a href=\"https:\/\/iesanjosemonitos.edu.co\/wp-content\/uploads\/2019\/11\/Resolucion-apertura-de-la-jornada-sabatina-y-dominical.pdf\" target=\"_blank\" rel=\"noopener noreferrer\">Descargar PDF<\/a><\/p>\n<p style=\"text-align: center;\">RESOLUCI\u00d3N<\/p>\n<p style=\"text-align: center;\">Implementaci\u00f3n de la jornada \u00fanica para el nivel preescolar y b\u00e1sica primaria en la sede principal.<\/p>\n<p><a href=\"https:\/\/iesanjosemonitos.edu.co\/wp-content\/uploads\/2019\/11\/Resolucion-jornada-unica.pdf\" target=\"_blank\" rel=\"noopener noreferrer\">Descargar PDF<\/a><\/p>\n","protected":false},"excerpt":{"rendered":"<p>RESOLUCI\u00d3N Por la cual se concede Licencia o Reconocimiento de Car\u00e1cter Oficial y el Cambio de Modalidad de Media T\u00e9cnica a Media Acad\u00e9mica a los grados 10\u00ba, y 11\u00ba., de naturaleza OFICIAL. Descargar PDF RESOLUCI\u00d3N Por la cual se amplia&hellip; <\/p>\n","protected":false},"author":1,"featured_media":0,"parent":0,"menu_order":0,"comment_status":"closed","ping_status":"open","template":"","meta":{"footnotes":""},"jetpack_sharing_enabled":true,"_links":{"self":[{"href":"https:\/\/iesanjosemonitos.edu.co\/index.php\/wp-json\/wp\/v2\/pages\/11"}],"collection":[{"href":"https:\/\/iesanjosemonitos.edu.co\/index.php\/wp-json\/wp\/v2\/pages"}],"about":[{"href":"https:\/\/iesanjosemonitos.edu.co\/index.php\/wp-json\/wp\/v2\/types\/page"}],"author":[{"embeddable":true,"href":"https:\/\/iesanjosemonitos.edu.co\/index.php\/wp-json\/wp\/v2\/users\/1"}],"replies":[{"embeddable":true,"href":"https:\/\/iesanjosemonitos.edu.co\/index.php\/wp-json\/wp\/v2\/comments?post=11"}],"version-history":[{"count":0,"href":"https:\/\/iesanjosemonitos.edu.co\/index.php\/wp-json\/wp\/v2\/pages\/11\/revisions"}],"wp:attachment":[{"href":"https:\/\/iesanjosemonitos.edu.co\/index.php\/wp-json\/wp\/v2\/media?parent=11"}],"curies":[{"name":"wp","href":"https:\/\/api.w.org\/{rel}","templated":true}]}}

<p style="text-align: center;">RESOLUCIÓN<br />
Por la cual se concede Licencia o Reconocimiento de Carácter Oficial y el Cambio de Modalidad de Media Técnica a Media Académica a los grados 10º, y 11º., de naturaleza OFICIAL.</p>
<p><a href="https://iesanjosemonitos.edu.co/wp-content/uploads/2019/11/Licencia-o-reconocimiento-de-caracter-oficial.pdf" target="_blank" rel="noopener noreferrer">Descargar PDF</a></p>
<p style="text-align: center;">RESOLUCIÓN<br />
Por la cual se amplia la prestación del servicio educativo. con la apertura de la jornada sabatina y dominical de la educación formal para adultos.</p>
<p><a href="https://iesanjosemonitos.edu.co/wp-content/uploads/2019/11/Resolucion-apertura-de-la-jornada-sabatina-y-dominical.pdf" target="_blank" rel="noopener noreferrer">Descargar PDF</a></p>
<p style="text-align: center;">RESOLUCIÓN</p>
<p style="text-align: center;">Implementación de la jornada única para el nivel preescolar y básica primaria en la sede principal.</p>
<p><a href="https://iesanjosemonitos.edu.co/wp-content/uploads/2019/11/Resolucion-jornada-unica.pdf" target="_blank" rel="noopener noreferrer">Descargar PDF</a></p>

<p>RESOLUCIÓN Por la cual se concede Licencia o Reconocimiento de Carácter Oficial y el Cambio de Modalidad de Media Técnica a Media Académica a los grados 10º, y 11º., de naturaleza OFICIAL. Descargar PDF RESOLUCIÓN Por la cual se amplia&hellip; </p>
